{"id":87,"date":"2024-10-01T12:29:19","date_gmt":"2024-10-01T10:29:19","guid":{"rendered":"http:\/\/www.aireventlocation.fr\/?page_id=87"},"modified":"2024-10-01T15:43:42","modified_gmt":"2024-10-01T13:43:42","slug":"aireventlocation","status":"publish","type":"page","link":"https:\/\/www.aireventlocation.fr\/index.php\/aireventlocation\/","title":{"rendered":"Infos et Tarifs"},"content":{"rendered":"\n<div class=\"wp-block-group alignfull has-accent-4-background-color has-background has-global-padding is-layout-constrained wp-container-core-group-is-layout-669513ed wp-block-group-is-layout-constrained\" style=\"margin-top:0;margin-bottom:0;padding-top:var(--wp--preset--spacing--50);padding-right:var(--wp--preset--spacing--50);padding-bottom:var(--wp--preset--spacing--50);padding-left:var(--wp--preset--spacing--50)\">\n<p><\/p>\n\n\n\n<h1 class=\"wp-block-heading has-text-align-center has-xx-large-font-size\">06.78.01.44.04<\/h1>\n\n\n\n<div style=\"height:var(--wp--preset--spacing--30)\" aria-hidden=\"true\" class=\"wp-block-spacer\"><\/div>\n\n\n\n<div class=\"wp-block-columns alignwide is-layout-flex wp-container-core-columns-is-layout-4935966c wp-block-columns-is-layout-flex\" style=\"padding-right:0;padding-left:0\">\n<div class=\"wp-block-column is-layout-flow wp-block-column-is-layout-flow\">\n<figure class=\"wp-block-image size-full is-style-rounded is-style-rounded--1\"><img loading=\"lazy\" decoding=\"async\" width=\"2560\" height=\"1920\" src=\"https:\/\/www.aireventlocation.fr\/wp-content\/uploads\/2024\/10\/20220903_095459-scaled.jpg\" alt=\"\" class=\"wp-image-73\" style=\"aspect-ratio:1;object-fit:cover\" srcset=\"https:\/\/www.aireventlocation.fr\/wp-content\/uploads\/2024\/10\/20220903_095459-scaled.jpg 2560w, https:\/\/www.aireventlocation.fr\/wp-content\/uploads\/2024\/10\/20220903_095459-300x225.jpg 300w, https:\/\/www.aireventlocation.fr\/wp-content\/uploads\/2024\/10\/20220903_095459-1024x768.jpg 1024w, https:\/\/www.aireventlocation.fr\/wp-content\/uploads\/2024\/10\/20220903_095459-768x576.jpg 768w, https:\/\/www.aireventlocation.fr\/wp-content\/uploads\/2024\/10\/20220903_095459-1536x1152.jpg 1536w, https:\/\/www.aireventlocation.fr\/wp-content\/uploads\/2024\/10\/20220903_095459-2048x1536.jpg 2048w\" sizes=\"auto, (max-width: 2560px) 100vw, 2560px\" \/><\/figure>\n\n\n\n<div class=\"wp-block-group is-vertical is-content-justification-center is-nowrap is-layout-flex wp-container-core-group-is-layout-21d4e958 wp-block-group-is-layout-flex\">\n<p><strong>Barnums \u00e0 partir de 140\u20ac <\/strong><\/p>\n\n\n\n<p><\/p>\n\n\n\n<p class=\"has-text-align-center\">Tr\u00e8s stable, B\u00e2che PVC 800 particuli\u00e8rement robuste gr\u00e2ce au tissu tram\u00e9, Certifi\u00e9e ignifuge, Hauteur tr\u00e8s pratique , hauteur lat\u00e9rale 2 m<\/p>\n<\/div>\n<\/div>\n\n\n\n<div class=\"wp-block-column is-layout-flow wp-block-column-is-layout-flow\">\n<figure class=\"wp-block-image size-full is-style-rounded is-style-rounded--2\"><img loading=\"lazy\" decoding=\"async\" width=\"2560\" height=\"1920\" src=\"https:\/\/www.aireventlocation.fr\/wp-content\/uploads\/2024\/10\/20240727_202153-scaled.jpg\" alt=\"\" class=\"wp-image-91\" style=\"aspect-ratio:1;object-fit:cover\" srcset=\"https:\/\/www.aireventlocation.fr\/wp-content\/uploads\/2024\/10\/20240727_202153-scaled.jpg 2560w, https:\/\/www.aireventlocation.fr\/wp-content\/uploads\/2024\/10\/20240727_202153-300x225.jpg 300w, https:\/\/www.aireventlocation.fr\/wp-content\/uploads\/2024\/10\/20240727_202153-1024x768.jpg 1024w, https:\/\/www.aireventlocation.fr\/wp-content\/uploads\/2024\/10\/20240727_202153-768x576.jpg 768w, https:\/\/www.aireventlocation.fr\/wp-content\/uploads\/2024\/10\/20240727_202153-1536x1152.jpg 1536w, https:\/\/www.aireventlocation.fr\/wp-content\/uploads\/2024\/10\/20240727_202153-2048x1536.jpg 2048w\" sizes=\"auto, (max-width: 2560px) 100vw, 2560px\" \/><\/figure>\n\n\n\n<p class=\"has-text-align-center has-small-font-size\"><strong>Tables et Chaises confort 1.20\u20ac\/personne<\/strong><\/p>\n\n\n\n<div class=\"wp-block-group is-vertical is-content-justification-center is-nowrap is-layout-flex wp-container-core-group-is-layout-63bfd6c1 wp-block-group-is-layout-flex\">\n<p class=\"has-small-font-size\">Ce mobilier de qualit\u00e9 convient parfaitement aux \u00e9v\u00e9nements de type mariage, banquet, buffet, s\u00e9minaire\u2026 La profondeur et la largeur des assises permettent d\u2019\u00eatre confortablement install\u00e9. <\/p>\n<\/div>\n<\/div>\n\n\n\n<div class=\"wp-block-column is-layout-flow wp-block-column-is-layout-flow\">\n<figure class=\"wp-block-image size-full is-style-rounded is-style-rounded--3\"><img loading=\"lazy\" decoding=\"async\" width=\"1941\" height=\"2560\" src=\"https:\/\/www.aireventlocation.fr\/wp-content\/uploads\/2024\/10\/2-scaled.jpg\" alt=\"\" class=\"wp-image-92\" style=\"aspect-ratio:1;object-fit:cover\" srcset=\"https:\/\/www.aireventlocation.fr\/wp-content\/uploads\/2024\/10\/2-scaled.jpg 1941w, https:\/\/www.aireventlocation.fr\/wp-content\/uploads\/2024\/10\/2-227x300.jpg 227w, https:\/\/www.aireventlocation.fr\/wp-content\/uploads\/2024\/10\/2-776x1024.jpg 776w, https:\/\/www.aireventlocation.fr\/wp-content\/uploads\/2024\/10\/2-768x1013.jpg 768w, https:\/\/www.aireventlocation.fr\/wp-content\/uploads\/2024\/10\/2-1165x1536.jpg 1165w, https:\/\/www.aireventlocation.fr\/wp-content\/uploads\/2024\/10\/2-1553x2048.jpg 1553w\" sizes=\"auto, (max-width: 1941px) 100vw, 1941px\" \/><\/figure>\n\n\n\n<div class=\"wp-block-group is-vertical is-content-justification-center is-nowrap is-layout-flex wp-container-core-group-is-layout-63bfd6c1 wp-block-group-is-layout-flex\">\n<p class=\"has-text-align-center has-small-font-size\"><strong>Vaisselle \u00e0 partir de <\/strong><\/p>\n\n\n\n<p class=\"has-text-align-center has-small-font-size\"><strong>1\u20ac le set<\/strong><\/p>\n\n\n\n<p><\/p>\n\n\n\n<p class=\"has-text-align-center has-small-font-size\">Nous proposons une large s\u00e9lection de vaisselle pour r\u00e9pondre \u00e0 tous vos besoins, que vous organisiez un mariage, un anniversaire, une r\u00e9ception ou un \u00e9v\u00e9nement d\u2019entreprise.<\/p>\n<\/div>\n<\/div>\n\n\n\n<div class=\"wp-block-column is-layout-flow wp-block-column-is-layout-flow\">\n<figure class=\"wp-block-image size-full is-style-rounded is-style-rounded--4\"><img loading=\"lazy\" decoding=\"async\" width=\"2560\" height=\"1920\" src=\"https:\/\/www.aireventlocation.fr\/wp-content\/uploads\/2024\/10\/20240728_014255-scaled.jpg\" alt=\"\" class=\"wp-image-93\" style=\"aspect-ratio:1;object-fit:cover\" srcset=\"https:\/\/www.aireventlocation.fr\/wp-content\/uploads\/2024\/10\/20240728_014255-scaled.jpg 2560w, https:\/\/www.aireventlocation.fr\/wp-content\/uploads\/2024\/10\/20240728_014255-300x225.jpg 300w, https:\/\/www.aireventlocation.fr\/wp-content\/uploads\/2024\/10\/20240728_014255-1024x768.jpg 1024w, https:\/\/www.aireventlocation.fr\/wp-content\/uploads\/2024\/10\/20240728_014255-768x576.jpg 768w, https:\/\/www.aireventlocation.fr\/wp-content\/uploads\/2024\/10\/20240728_014255-1536x1152.jpg 1536w, https:\/\/www.aireventlocation.fr\/wp-content\/uploads\/2024\/10\/20240728_014255-2048x1536.jpg 2048w\" sizes=\"auto, (max-width: 2560px) 100vw, 2560px\" \/><\/figure>\n\n\n\n<div class=\"wp-block-group is-vertical is-content-justification-center is-nowrap is-layout-flex wp-container-core-group-is-layout-21d4e958 wp-block-group-is-layout-flex\">\n<p class=\"has-text-align-center has-small-font-size\"><strong>Eclairages et sonorisation<\/strong><\/p>\n\n\n\n<p class=\"has-text-align-center has-small-font-size\"> <strong>\u00e0 partir de 30\u20ac<\/strong><\/p>\n\n\n\n<p><\/p>\n\n\n\n<p class=\"has-text-align-center has-small-font-size\">Illumine vos soir\u00e9es avec nos solutions d&rsquo;\u00e9clairage et de sonorisation pour cr\u00e9er une ambiance unique.   <\/p>\n<\/div>\n<\/div>\n<\/div>\n\n\n\n<p>Air Event Location 0678014404<\/p>\n\n\n\n<div class=\"wp-block-buttons is-layout-flex wp-block-buttons-is-layout-flex\">\n<div class=\"wp-block-button\"><a class=\"wp-block-button__link wp-element-button\" href=\"https:\/\/www.facebook.com\/profile.php?id=61565563598445\">Facebook<\/a><\/div>\n<\/div>\n\n\n\n<div class=\"wp-block-columns is-layout-flex wp-container-core-columns-is-layout-28f84493 wp-block-columns-is-layout-flex\">\n<div class=\"wp-block-column is-layout-flow wp-block-column-is-layout-flow\" style=\"flex-basis:100%\">\n<div class=\"wp-block-buttons is-layout-flex wp-block-buttons-is-layout-flex\">\n<div class=\"wp-block-button\"><a class=\"wp-block-button__link wp-element-button\">Instagram<\/a><\/div>\n<\/div>\n<\/div>\n<\/div>\n<\/div>\n","protected":false},"excerpt":{"rendered":"<p>06.78.01.44.04 Barnums \u00e0 partir de 140\u20ac Tr\u00e8s stable, B\u00e2che PVC 800 particuli\u00e8rement robuste gr\u00e2ce au tissu tram\u00e9, Certifi\u00e9e ignifuge, Hauteur tr\u00e8s pratique , hauteur lat\u00e9rale 2 m Tables et Chaises confort 1.20\u20ac\/personne Ce mobilier de qualit\u00e9 convient parfaitement aux \u00e9v\u00e9nements de type mariage, banquet, buffet, s\u00e9minaire\u2026 La profondeur et la largeur des assises permettent d\u2019\u00eatre [&hellip;]<\/p>\n","protected":false},"author":1,"featured_media":0,"parent":0,"menu_order":0,"comment_status":"closed","ping_status":"closed","template":"","meta":{"footnotes":""},"class_list":["post-87","page","type-page","status-publish","hentry"],"_links":{"self":[{"href":"https:\/\/www.aireventlocation.fr\/index.php\/wp-json\/wp\/v2\/pages\/87","targetHints":{"allow":["GET"]}}],"collection":[{"href":"https:\/\/www.aireventlocation.fr\/index.php\/wp-json\/wp\/v2\/pages"}],"about":[{"href":"https:\/\/www.aireventlocation.fr\/index.php\/wp-json\/wp\/v2\/types\/page"}],"author":[{"embeddable":true,"href":"https:\/\/www.aireventlocation.fr\/index.php\/wp-json\/wp\/v2\/users\/1"}],"replies":[{"embeddable":true,"href":"https:\/\/www.aireventlocation.fr\/index.php\/wp-json\/wp\/v2\/comments?post=87"}],"version-history":[{"count":9,"href":"https:\/\/www.aireventlocation.fr\/index.php\/wp-json\/wp\/v2\/pages\/87\/revisions"}],"predecessor-version":[{"id":105,"href":"https:\/\/www.aireventlocation.fr\/index.php\/wp-json\/wp\/v2\/pages\/87\/revisions\/105"}],"wp:attachment":[{"href":"https:\/\/www.aireventlocation.fr\/index.php\/wp-json\/wp\/v2\/media?parent=87"}],"curies":[{"name":"wp","href":"https:\/\/api.w.org\/{rel}","templated":true}]}}